= -246 - 51. What is the greatest common divisor of v and 108?
27
Suppose 0 = 4*t + 3*a - 44, -7*t - 3*a = -10*t + 33. Calculate the highest common divisor of 176 and t.
11
Let g(j) = j**3 - 21*j**2 + 35*j + 30. Let n be g(20). Suppose -28 = -3*o + 62. What is the highest common factor of o and n?
30
Let p(m) = -3*m**3 - 2*m**2 - 6. Let g be p(-3). What is the highest common factor of g and 228?
57
Let i be (-2 - 35/(-14))/(1/96). Calculate the greatest common factor of i and 48.
48
Let a be (-8 - -2)*(-2)/(-4). Let n = a - -59. Calculate the highest common divisor of 84 and n.
28
Let w = -41 - -113. Calculate the greatest common factor of 54 and w.
18
Let t = 10 - -14. Suppose 3*d - 4 = 56. Let q = d - 14. Calculate the highest common factor of q and t.
6
Let p(d) = -5*d**3 - 3*d**2 - 2*d + 1. Let t be p(-2). What is the greatest common divisor of 671 and t?
11
Let p = -23 + 28. Suppose 10*i = p*i + 80. What is the highest common divisor of 112 and i?
16
Suppose 9 = -4*q + 297. Let p(r) = -r - 6. Let a be p(-6). Suppose a = 4*d - 475 - 245. What is the greatest common divisor of d and q?
36
Suppose 3730*z = 3729*z + 84. Calculate the greatest common divisor of 12 and z.
12
Let q be -5 - (-1 - 72/2). Let a be (-1)/2*0/(-3). Suppose a = 5*r + r - 48. Calculate the highest common factor of r and q.
8
Let a(m) = 49*m + 6. Let d be a(6). Suppose 9*r = 4*r + d. Suppose -4*q = -29*q + 45 + 105. What is the highest common divisor of q and r?
6
Let y be 2 + 84/20 - 6/30. What is the highest common divisor of y and 3?
3
Let l = -16 - -5. Let s(m) = 3*m + 55. Let t be s(l). Calculate the highest common factor of 77 and t.
11
Let d = 116 + 20. Calculate the highest common divisor of 17 and d.
17
Let v(x) = 6*x**2 + 1. Let b be v(-2). Let k = -279 + 454. Calculate the highest common divisor of b and k.
25
Suppose -67*h + 60*h = -3094. Calculate the highest common divisor of 78 and h.
26
Let t(l) = -2*l**3 - 12*l**2 - 9*l + 26. Let d be t(-8). What is the greatest common divisor of 6 and d?
6
Let h(m) = 88*m. Let z(j) = j**3 - 5*j**2 - 5*j - 5. Let y be z(6). Suppose 2*t + y = 3. Let q be h(t). What is the highest common factor of 22 and q?
22
Let j be 154/(-4)*(-8 - -4). Suppose -67 = -5*i + 43. Let t(s) = s. Let m be t(i). Calculate the highest common factor of m and j.
22
Let d(r) be the first derivative of r**4/4 + 7*r**3 + 17*r**2/2 - 27*r - 5. Let u be d(-20). Calculate the greatest common divisor of u and 33.
33
Suppose 354*z = 353*z + 325. Calculate the highest common divisor of z and 455.
65
Suppose 5*v = 4*l + 8, -3*l + 3 + 14 = 2*v. Suppose -v*t + 85 = 21. What is the greatest common factor of t and 112?
16
Suppose -7*d = -483 - 105. Let i be -23*(-5 + 4) - 2. Calculate the highest common divisor of i and d.
21
Suppose -36 = n - 44. What is the greatest common factor of 512 and n?
8
Let u(s) = -21*s - 13. Suppose 7*h + 21 = 7. Let o be u(h). What is the highest common factor of o and 116?
29
Suppose 5*b = v - 33, 3*v + 5*b = 5 - 6. Let g = -60 + 148. What is the greatest common factor of g and v?
8
Let l = -119 + 227. Let w be (9/(-4))/((-1)/l). Calculate the highest common factor of 27 and w.
27
Let a(h) = h - 13. Let u be a(-10). Let r = u - -33. Let j(v) = -9*v + 4. Let x be j(-4). Calculate the highest common divisor of r and x.
10
Let v be (7 + 2)/3 - -1. Suppose 7*d - 121 = 4*d - 4*k, 0 = -v*k + 16. Let u = d - 11. What is the highest common factor of 48 and u?
24
Let j = -10 + 40. Let c = -3 + j. Let g(h) = -h**3 - 4*h**2 - 2*h - 5. Let p be g(-4). What is the highest common divisor of p and c?
3
Suppose 0 = 2*q - 10 - 34. Suppose w = -9*w + 110. What is the highest common divisor of q and w?
11
Suppose 0 = 18*o - 21*o + 45. Calculate the greatest common divisor of o and 5.
5
Let m(i) = i**2 - 52*i - 7. Let o be m(-4). What is the greatest common divisor of 7 and o?
7
Let m(a) = a + 7. Let r(z) = -z - 7. Let j be r(0). Let k be m(j). Suppose -15*i + 11*i + 56 = k. What is the highest common divisor of 70 and i?
14
Suppose 48 = 313*a - 307*a. What is the highest common divisor of a and 184?
8
Let d = 1651 + -1621. Calculate the greatest common factor of 150 and d.
30
Let o be 39/15 + 6/(-10). Let g = o + 12. Suppose 0*q + 42 = 3*q. What is the greatest common factor of q and g?
14
Suppose 2*q = -0*m + 4*m - 5036, -m = -2*q - 1262. Calculate the highest common factor of m and 34.
34
Let b = 2 - 6. Let l be b + (-4)/(-2) + 255. Let c(r) = 12*r - 181. Let u be c(17). Calculate the highest common factor of l and u.
23
Let q = -21 - -21. Let x = q - -3. Suppose 4 = 2*g - 14. What is the greatest common divisor of x and g?
3
Let p be ((-4)/8*0)/3. Suppose n + p - 22 = 0. What is the greatest common divisor of n and 66?
22
Suppose -h - 2*f - 9 = -45, -4*f = -5*h + 138. Suppose -1 = -w - 5*p + 69, w - 3*p - h = 0. What is the greatest common factor of w and 27?
9
Let o(u) = -19*u + 12. Let g be o(-8). Calculate the highest common divisor of g and 41.
41
Let t be 51/(((-57)/133)/((-4)/14)). What is the highest common divisor of 374 and t?
34
Let f(u) = 9*u - 2. Let v be f(2). Suppose -192 + 48 = -v*y. Calculate the greatest common factor of 27 and y.
9
Let t(q) = -q - 2 - 1 + 26*q**2 + 3*q. Let p be t(-3). Let b = p - 41. What is the highest common factor of b and 23?
23
Suppose 5*a + 4*w = 19, 6*w + 4 = 5*w. Let r(j) = -j**3 + 7*j**2 + 5. Let m be r(a). Calculate the greatest common divisor of m and 20.
5
Let c(b) = -b**2 + 19*b - 43. Let a be c(15). Suppose -3 = -5*n + a. What is the highest common factor of n and 4?
4
Let a(x) = -x**2 - 9*x - 12. Let y be a(-7). Let b be (-3)/(3*2/(-44)). What is the greatest common factor of b and y?
2
Let r = -3 - -5. Let t(k) = k**3 + 17*k**2 - 38*k + 8. Suppose 140 = -7*i + 7. Let z be t(i). Calculate the greatest common divisor of r and z.
2
Let m(o) = -20*o + 8. Suppose l + 9 = -2*l. Let t be m(l). Calculate the highest common divisor of t and 34.
34
Suppose -154 = -4*v + 158. Suppose 4*x - 106 = 102. Calculate the greatest common divisor of x and v.
26
Let k be 21*-3*(0 - 12/7). Calculate the greatest common divisor of 297 and k.
27
Suppose -9 = 4*l - l. Let o be 3*l/5*-5. Let b be o + (-2 + 2)/1. What is the highest common divisor of b and 72?
9
Let y = 0 - -4. Suppose 4 = 4*f - 8, 4*k - y*f - 120 = 0. Calculate the highest common factor of 231 and k.
33
Let o = 2214 + -984. Suppose -4*x + o = 11*x. Calculate the highest common divisor of x and 123.
41
Suppose 0 = -4*q + 5*x + 327, 4*q - x + 3*x - 306 = 0. Calculate the highest common factor of 30 and q.
6
Suppose 0 = 3*z - z - 8. Suppose z*t = 16 + 344. Let h be (-8)/(-6) - 208/(-6). What is the greatest common divisor of t and h?
18
Suppose -5 - 5 = -5*h. Suppose g = h + 8. What is the greatest common factor of 80 and g?
10
Suppose -2*h = 3*o - 21, -10*h = -5*h - 3*o - 21. What is the greatest common factor of h and 642?
6
Let a be 2/(-5) - 882/45. Let z be 14/(-63) + a/(-9). Let g be (6/8)/(z/16). What is the highest common factor of g and 54?
6
Let w = -10 + -17. Let k be ((-16)/24)/(3/w). Suppose 3*t = -5*j + 279, -2*t - t + 9 = 0. What is the greatest common factor of j and k?
6
Let t(i) = -11 - 12*i**3 - 2*i**2 - 5*i**3 + 17 - 5. Let m be t(-1). What is the greatest common divisor of m and 24?
8
Suppose -g = 2*y - 2, 3*g + 0*y + 3*y + 3 = 0. Let r be (-3)/g - (-50)/8. What is the highest common factor of 63 and r?
7
Suppose -27*u + 1628 = 47*u. Suppose -y - 5*d = -10 - 3, 0 = 3*y - d - 103. Calculate the highest common divisor of y and u.
11
Let p(v) = -v**3 - 2*v**2 + 2*v - 1. Let k be p(-3). Let u be (-2)/(-12) - (-166)/12. Let s = u + -11. Calculate the greatest common divisor of k and s.
1
Let r(u) = 7*u + 1. Suppose b = -1 + 2. Let w be r(b). Calculate the greatest common divisor of 6 and w.
2
Let p(l) = l**3 + 20 - 7*l**2 - 83*l + 173*l - 111*l. Let i be p(10). Calculate the highest common divisor of 44 and i.
22
Let s be 1*8/(-2)*3/4. Let z be ((-3)/(s/(-2)))/(4/(-16)). Calculate the highest common divisor of 24 and z.
8
Let b(f) = -3*f**2 + 92*f + 52. Let r be b(31). Calculate the highest common divisor of r and 42.
21
Let o(r) = -r**2 + 3*r + 24. Let w be o(6). Let i(n) = -n**3 - 13*n**2 - 31*n + 11. Let l be i(-10). Calculate the gr